{"id":46,"date":"2021-02-09T15:56:45","date_gmt":"2021-02-09T14:56:45","guid":{"rendered":"http:\/\/ribeformation.com\/?page_id=46"},"modified":"2025-09-16T14:47:56","modified_gmt":"2025-09-16T12:47:56","slug":"accueil","status":"publish","type":"page","link":"https:\/\/ribeformation.com\/","title":{"rendered":"Accueil"},"content":{"rendered":"<p><em><strong>&#8211; La formation r\u00e9v\u00e8le l&rsquo;aptitude et le terrain r\u00e9v\u00e8le la comp\u00e9tence &#8211;<\/strong><br \/>\n<\/em> Patrice Aim\u00e9 Agossou<\/p>\n<h2>RIBE FORMATION c&rsquo;est quoi ?\u200b<\/h2>\n<p>De nombreuses \u00e9tudes ont r\u00e9v\u00e9l\u00e9 l&rsquo;efficacit\u00e9 de la formation dans la croissance d&rsquo;une entreprise. Les r\u00e9sultats de la formation sont concrets et mesurables, tant dans la productivit\u00e9 que dans la mont\u00e9e en puissance professionnelle du personnel.<\/p>\n<p>De ce fait, <strong>RIBE FORMATION<\/strong> est un organisme qui vous propose des formations, en totale ad\u00e9quation avec vos besoins et vos enjeux de terrain.<\/p>\n<p>Enfin, nous vous accompagnons de A \u00e0 Z dans vos d\u00e9marches : de l&rsquo;inscription \u00e0 une formation \u00e0 la demande de prise en charge.<\/p>\n<p><b>RIBE Formation est certifi\u00e9 <a href=\"https:\/\/travail-emploi.gouv.fr\/formation-professionnelle\/acteurs-cadre-et-qualite-de-la-formation-professionnelle\/article\/qualiopi-marque-de-certification-qualite-des-prestataires-de-formation#:~:text=En%20quoi%20consiste%20la%20marque,des%20entreprises%20et%20des%20usagers.\">Qualiopi<\/a>.<\/b><\/p>\n<p><a href=\"https:\/\/travail-emploi.gouv.fr\/formation-professionnelle\/acteurs-cadre-et-qualite-de-la-formation-professionnelle\/article\/qualiopi-marque-de-certification-qualite-des-prestataires-de-formation#:~:text=En%20quoi%20consiste%20la%20marque,des%20entreprises%20et%20des%20usagers.\"><br \/>\n<img loading=\"lazy\" src=\"http:\/\/ribeformation.com\/wp-content\/uploads\/2024\/07\/Capture-decran-2024-07-09-130305-300x110.png\" sizes=\"(max-width: 300px) 100vw, 300px\" srcset=\"https:\/\/ribeformation.com\/wp-content\/uploads\/2024\/07\/Capture-decran-2024-07-09-130305-300x110.png 300w, https:\/\/ribeformation.com\/wp-content\/uploads\/2024\/07\/Capture-decran-2024-07-09-130305.png 387w\" alt=\"\" width=\"300\" height=\"110\" \/> <\/a><\/p>\n<h2>CLIQUEZ SUR LE LIEN POUR RETROUVER NOTRE CERTIFICAT<br \/>\n(ci-dessous)<\/h2>\n<p><a href=\"https:\/\/ribeformation.com\/index.php\/certificat-ribe-formation-qualiopi\/\"><br \/>\n<img loading=\"lazy\" src=\"http:\/\/ribeformation.com\/wp-content\/uploads\/2024\/07\/Capture-decran-2024-07-09-130305-300x110.png\" sizes=\"(max-width: 300px) 100vw, 300px\" srcset=\"https:\/\/ribeformation.com\/wp-content\/uploads\/2024\/07\/Capture-decran-2024-07-09-130305-300x110.png 300w, https:\/\/ribeformation.com\/wp-content\/uploads\/2024\/07\/Capture-decran-2024-07-09-130305.png 387w\" alt=\"\" width=\"300\" height=\"110\" \/> <\/a><\/p>\n<h2>Prise en charge financi\u00e8re des formations<\/h2>\n<p>Nos formations sont toutes susceptibles d\u2019\u00eatre financ\u00e9s par des organismes financeurs.<\/p>\n<p><strong><u>LES OP\u00c9RATEURS DE COMP\u00c9TENCES<\/u><\/strong><\/p>\n<p>Les op\u00e9rateurs de comp\u00e9tences sont des organismes agr\u00e9\u00e9s par le Minist\u00e8re du Travail, charg\u00e9s d\u2019accompagner la formation professionnelle. Chacune des entreprises cotisent pour ces organismes. De ce fait, il vous est accord\u00e9 un certain budget, pour pallier aux besoins de vos salari\u00e9s, en termes de formation. Autrement dit, vous disposez d&rsquo;un certain plafond annuel, pour le financement de ces derni\u00e8res. Le plafond est renouvelable tous les ans. Attention cependant, si le budget annuel n&rsquo;est pas mis \u00e0 profit, il ne sera pas cumulable avec celui de l&rsquo;ann\u00e9e d&rsquo;apr\u00e8s.<\/p>\n<p><strong><u>LE FINANCEMENT POUR LES TRAVAILLEURS NON-SALARI\u00c9S (TNS)<\/u><\/strong><\/p>\n<p>Chaque TNS cotise \u00e0 un Fond d&rsquo;Assurance Formation (FAF). Lui aussi vous permet la prise en charge de vos couts de formation. Rapprochez-vous de votre cabinet comptable pour savoir \u00e0 quel Fond d\u2019Assurance Formation vous \u00eates rattach\u00e9. \u00a0M\u00eame vigilance que pour les OPCO, si les fonds de formation ne sont pas utilis\u00e9s, ils seront perdus l\u2019ann\u00e9e d\u2019apr\u00e8s.<\/p>\n<p><strong>LES AUTRES FINANCEURS&#8230;<\/strong><\/p>\n<p>Pensez \u00e0 demander aux organismes r\u00e9gionales, europ\u00e9ens ou encore \u00e0 Pole Emploi, qui peuvent financer directement ou indirectement, via des partenariats ou des co-financements, de nombreux projets de formation.<\/p>\n<p>Alors,<br \/>\n<noscript><br \/>\nqu&rsquo;attendez-vous ?\t\t\t\t<\/noscript><br \/>\n<!-- close .eael-fancy-text-container --><br \/>\n<a role=\"button\" href=\"http:\/\/ribeformation.com\/index.php\/catalogue-de-formation-2\/\"><br \/>\nCatalogue de formation<br \/>\n<\/a><\/p>\n<h2>Nos formateurs<\/h2>\n<h2>Florence Saudubray, H\u00e9l\u00e8ne Wagner, Cl\u00e9mence Terrien , Cl\u00e9mence Gourbeau<\/h2>\n<p>Devenir un directeur d&rsquo;exploitation d&rsquo;une salle de sport<\/p>\n<h2>Florence Saudubray, H\u00e9l\u00e8ne Wagner, Cl\u00e9mence Terrien , Cl\u00e9mence Gourbeau<\/h2>\n<p>Une \u00e9quipe, professionnelle et investie, pr\u00eate \u00e0 vous aider \u00e0 lancer votre activit\u00e9 ! Gr\u00e2ce \u00e0 l&rsquo;ensemble de leurs comp\u00e9tences et de leurs exp\u00e9riences professionnelles dans les diff\u00e9rents domaines, communication, marketing, gestion, ressources humaines, elles vous donneront toutes les cl\u00e9s afin de devenir un directeur d&rsquo;exploitation.<\/p>\n<h2>Romain Prevedello<\/h2>\n<p>Cr\u00e9er et d\u00e9livrer une exp\u00e9rience fitness \u00e0 succ\u00e8s<\/p>\n<p>Du presenting \u00e0 l&rsquo;acting fitness : les cl\u00e9s pour performer face cam\u00e9ra<\/p>\n<h2>Romain Prevedello<\/h2>\n<p>Romain Prevedello, est un professionnel investi et fourni \u00e0 d\u00e9fendre son secteur d&rsquo;activit\u00e9 ! Avec son exp\u00e9rience internationale d&rsquo;instructeur fitness et de formateur, il vous transmettra sa passion et ses cl\u00e9s afin de vous faire monter en comp\u00e9tences\u00a0!<\/p>\n<p>Son exp\u00e9rience professionnelle lui permet de vous transmettre toutes les cl\u00e9s pour faire vivre une exp\u00e9rience fitness \u00e0 vos adh\u00e9rents.<\/p>\n<h2>St\u00e9phane Boisnault<\/h2>\n<p>Boostez votre efficacit\u00e9 commerciale<\/p>\n<h2>St\u00e9phane Boisnault<\/h2>\n<p>Reconnu pour son charisme, son empathie et son sens du partage, il s\u2019engage \u00e0 tout mettre en oeuvre pour vous faire vivre chaque moment d\u2019apprentissage un moment unique et profitable pour chaque participant(e). Et tout transmettre de sa formidable exp\u00e9rience!<\/p>\n<h2>Anne-Marie Brochier<\/h2>\n<p>Communication Digitale<\/p>\n<h2>Anne Marie Brochier<\/h2>\n<p>Issue de formation Master Ecole de commerce avec sp\u00e9cialit\u00e9 Marketing, Anne Marie Brochier a travaill\u00e9 plus de 15 ans \u00e0 la direction de divers groupes de franchise en marketing\/communication.<\/p>\n<p>Son exp\u00e9rience professionnelle lui a permis d\u2019appr\u00e9hender tous les domaines du marketing et de la communication avec une sp\u00e9cialit\u00e9 sur les projets digitaux\u00a0: e-commerce et Community management. Son activit\u00e9 \u00e0 la t\u00eate de r\u00e9seau de franchise, lui a permis d\u2019acqu\u00e9rir les connaissances des outils de communication utiles pour les commerces en r\u00e9seau organis\u00e9 et comprendre les probl\u00e9matiques de g\u00e9rants de petites structures.<\/p>\n<h2>Benoit Perron<\/h2>\n<p>Les bases &amp; Technique de VF<\/p>\n<h2>Benoit Perron<\/h2>\n<p>Gr\u00e2ce \u00e0 son exp\u00e9rience professionnelle, Benoit Perron, coach depuis une dizaine d\u2019ann\u00e9es, vous transmettra toutes les cl\u00e9s pour faire vivre une exp\u00e9rience fitness \u00e0 vos adh\u00e9rents.<\/p>\n<h2>Eug\u00e9nie Herrmann<\/h2>\n<p>Les bases &amp; Technique de VF<\/p>\n<h2>Eug\u00e9nie Herrmann<\/h2>\n<p>Gr\u00e2ce \u00e0 sa passion, Eug\u00e9nie Herrmann, coach depuis 6ans, vous transmettra toutes les cl\u00e9s pour faire vivre une exp\u00e9rience fitness \u00e0 vos adh\u00e9rents.<\/p>\n<h2>Parce que vos avis comptent&#8230;<\/h2>\n<h3><span style=\"vertical-align: inherit;\"><span style=\"vertical-align: inherit;\">Formation Communication Digitale<\/span><\/span><\/h3>\n<p>\u00ab <em>Formation tr\u00e8s compl\u00e8te !\u00a0<\/em>\u00bb<em> \u00ab Top, merci beaucoup la formation !\u00a0<\/em>\u00bb<em><br \/>\n<\/em><\/p>\n<h3>Formation Cr\u00e9er et D\u00e9livrer une Exp\u00e9rience Fitness \u00e0 Succ\u00e8s<\/h3>\n<p>\u00ab Tr\u00e8s bonne formation qui change des habitudes, qui remet plusieurs choses en question de fa\u00e7on positive. H\u00e2te d&rsquo;appliquer les diff\u00e9rentes choses vues avec Romain. \u00bb<\/p>\n<p>\u00ab Tr\u00e8s bonne formation, enrichissante ! \u00bb<\/p>\n<h3><span style=\"vertical-align: inherit;\"><span style=\"vertical-align: inherit;\"><span style=\"vertical-align: inherit;\"><span style=\"vertical-align: inherit;\"><span style=\"vertical-align: inherit;\"><span style=\"vertical-align: inherit;\">Formation<\/span><\/span><\/span><\/span><\/span><\/span><span style=\"vertical-align: inherit;\"><span style=\"vertical-align: inherit;\"><span style=\"vertical-align: inherit;\"><span style=\"vertical-align: inherit;\"> Du presenting \u00e0 l&rsquo;acting fitness : les cl\u00e9s pour performer face <\/span><\/span><\/span><\/span><span style=\"vertical-align: inherit;\"><span style=\"vertical-align: inherit;\">cam\u00e9ra<\/span><\/span><\/h3>\n<p>\u00ab Formation enrichissante gr\u00e2ce \u00e0 l&rsquo;exp\u00e9rience du formateur ! \u00bb<\/p>\n<h3><span style=\"vertical-align: inherit;\"><span style=\"vertical-align: inherit;\"><span style=\"vertical-align: inherit;\"><span style=\"vertical-align: inherit;\"><span style=\"vertical-align: inherit;\"><span style=\"vertical-align: inherit;\">Formation<\/span><\/span><\/span><\/span><\/span><\/span><span style=\"vertical-align: inherit;\"><span style=\"vertical-align: inherit;\"><span style=\"vertical-align: inherit;\"><span style=\"vertical-align: inherit;\"> Devenir un directeur d&rsquo;une salle de sport<\/span><\/span><\/span><\/span><\/h3>\n<h3>\u00ab\u00a0Cette formation m&rsquo;a permis de gagner en assurance, et de reprendre les reines de mon club plus sereinement !\u00a0\u00bb<\/h3>\n<h3><span style=\"vertical-align: inherit;\"><span style=\"vertical-align: inherit;\"><span style=\"vertical-align: inherit;\"><span style=\"vertical-align: inherit;\"><span style=\"vertical-align: inherit;\"><span style=\"vertical-align: inherit;\">Formation<\/span><\/span><\/span><\/span><\/span><\/span><span style=\"vertical-align: inherit;\"><span style=\"vertical-align: inherit;\"><span style=\"vertical-align: inherit;\"><span style=\"vertical-align: inherit;\"> de Base &amp; Technique VF<\/span><\/span><\/span><\/span><\/h3>\n<h3>\u00ab\u00a0Top, permet de revoir les bases et attentes des concepts VF. D\u00e9couverte des diff\u00e9rents concepts et \u00e9changes avec d&rsquo;autres apprentis et coachs du r\u00e9seau. Bon accompagnement et ambiance avec les formateurs. Motiv\u00e9 pour la formation \u00ab\u00a0Technique\u00a0\u00bb, Merci !\u00a0\u00bb<\/h3>\n<h3>T\u00e9l\u00e9phone<\/h3>\n<p>09.72.21.53.92<\/p>\n<h3>Adresse mail<\/h3>\n<p>hello@ribeformation.com<\/p>\n<h3>Adresse<\/h3>\n<p>135 boulevard Elisabeth Boselli, 49100 ANGERS<\/p>\n<p><iframe title=\"135 BOULEVARD Elisabeth\" src=\"https:\/\/maps.google.com\/maps?q=135%20BOULEVARD%20Elisabeth&amp;t=m&amp;z=12&amp;output=embed&amp;iwloc=near\" frameborder=\"0\" marginwidth=\"0\" marginheight=\"0\" scrolling=\"no\" aria-label=\"135 BOULEVARD Elisabeth\"><\/iframe><\/p>\n<h3>Formulaire de contact<\/h3>\n<p role=\"status\" aria-live=\"polite\" aria-atomic=\"true\">\n<form action=\"\/wp-admin\/admin-ajax.php#wpcf7-f137-o3\" method=\"post\" novalidate=\"novalidate\" data-status=\"init\"><input name=\"_wpcf7\" type=\"hidden\" value=\"137\" \/><br \/>\n<input name=\"_wpcf7_version\" type=\"hidden\" value=\"5.4\" \/><br \/>\n<input name=\"_wpcf7_locale\" type=\"hidden\" value=\"fr_FR\" \/><br \/>\n<input name=\"_wpcf7_unit_tag\" type=\"hidden\" value=\"wpcf7-f137-o3\" \/><br \/>\n<input name=\"_wpcf7_container_post\" type=\"hidden\" value=\"0\" \/><br \/>\n<input name=\"_wpcf7_posted_data_hash\" type=\"hidden\" value=\"\" \/><br \/>\n<input name=\"_wpcf7_recaptcha_response\" type=\"hidden\" value=\"\" \/><\/p>\n<p><label> Pr\u00e9nom<br \/>\n<input name=\"your-name\" size=\"40\" type=\"text\" value=\"\" aria-required=\"true\" aria-invalid=\"false\" \/> <\/label><\/p>\n<p><label> Nom<br \/>\n<input name=\"your-name\" size=\"40\" type=\"text\" value=\"\" aria-required=\"true\" aria-invalid=\"false\" \/> <\/label><\/p>\n<p><label> E-mail<br \/>\n<input name=\"your-email\" size=\"40\" type=\"email\" value=\"\" aria-required=\"true\" aria-invalid=\"false\" \/> <\/label><\/p>\n<p><label> T\u00e9l\u00e9phone<br \/>\n<input name=\"Telephone\" size=\"40\" type=\"tel\" value=\"\" aria-required=\"true\" aria-invalid=\"false\" \/> <\/label><\/p>\n<p><label> Motif de ma demande <\/label><br \/>\n<select name=\"menudroulant\" aria-required=\"true\" aria-invalid=\"false\"><option value=\"Demande formation\">Demande formation<\/option><option value=\"Prise de contact\">Prise de contact<\/option><\/select><\/p>\n<p><label> Votre message<br \/>\n<textarea cols=\"40\" name=\"your-message\" rows=\"10\" aria-invalid=\"false\"><\/textarea> <\/label><\/p>\n<div id=\"cf7sr-69e6223f376b6\" class=\"cf7sr-g-recaptcha\" data-sitekey=\"6Lce55kbAAAAADmr27QBYtzHiUE5h-PB8b5hES1h\"><\/div><span class=\"wpcf7-form-control-wrap cf7sr-g-recaptcha-invalid\"><\/span>\n<p><input type=\"submit\" value=\"Envoyer\" \/><\/p>\n<\/form>\n","protected":false},"excerpt":{"rendered":"<p>&#8211; La formation r\u00e9v\u00e8le l&rsquo;aptitude et le terrain r\u00e9v\u00e8le la comp\u00e9tence &#8211; Patrice Aim\u00e9 Agossou RIBE FORMATION c&rsquo;est quoi ?\u200b &hellip; <\/p>\n","protected":false},"author":1,"featured_media":1610,"parent":0,"menu_order":0,"comment_status":"closed","ping_status":"closed","template":"template-home.php","meta":[],"yoast_head":"<!-- This site is optimized with the Yoast SEO plugin v16.0.2 - https:\/\/yoast.com\/wordpress\/plugins\/seo\/ -->\n<title>Accueil - Ribe formation<\/title>\n<link rel=\"canonical\" href=\"https:\/\/ribeformation.com\/\" \/>\n<meta property=\"og:locale\" content=\"fr_FR\" \/>\n<meta property=\"og:type\" content=\"article\" \/>\n<meta property=\"og:title\" content=\"Accueil - Ribe formation\" \/>\n<meta property=\"og:description\" content=\"&#8211; La formation r\u00e9v\u00e8le l&rsquo;aptitude et le terrain r\u00e9v\u00e8le la comp\u00e9tence &#8211; Patrice Aim\u00e9 Agossou RIBE FORMATION c&rsquo;est quoi ?\u200b &hellip;\" \/>\n<meta property=\"og:url\" content=\"https:\/\/ribeformation.com\/\" \/>\n<meta property=\"og:site_name\" content=\"Ribe formation\" \/>\n<meta property=\"article:modified_time\" content=\"2025-09-16T12:47:56+00:00\" \/>\n<meta property=\"og:image\" content=\"https:\/\/ribeformation.com\/wp-content\/uploads\/2024\/02\/Bienvenue-dans-notre-centre-de-foramtion.png\" \/>\n\t<meta property=\"og:image:width\" content=\"1440\" \/>\n\t<meta property=\"og:image:height\" content=\"500\" \/>\n<meta name=\"twitter:card\" content=\"summary_large_image\" \/>\n<meta name=\"twitter:label1\" content=\"Dur\u00e9e de lecture est.\">\n\t<meta name=\"twitter:data1\" content=\"5 minutes\">\n<script type=\"application\/ld+json\" class=\"yoast-schema-graph\">{\"@context\":\"https:\/\/schema.org\",\"@graph\":[{\"@type\":\"WebSite\",\"@id\":\"https:\/\/ribeformation.com\/#website\",\"url\":\"https:\/\/ribeformation.com\/\",\"name\":\"Ribe formation\",\"description\":\"Espace de formation\",\"potentialAction\":[{\"@type\":\"SearchAction\",\"target\":\"https:\/\/ribeformation.com\/?s={search_term_string}\",\"query-input\":\"required name=search_term_string\"}],\"inLanguage\":\"fr-FR\"},{\"@type\":\"ImageObject\",\"@id\":\"https:\/\/ribeformation.com\/#primaryimage\",\"inLanguage\":\"fr-FR\",\"url\":\"https:\/\/ribeformation.com\/wp-content\/uploads\/2024\/02\/Bienvenue-dans-notre-centre-de-foramtion.png\",\"width\":1440,\"height\":500,\"caption\":\"ribe formation\"},{\"@type\":\"WebPage\",\"@id\":\"https:\/\/ribeformation.com\/#webpage\",\"url\":\"https:\/\/ribeformation.com\/\",\"name\":\"Accueil - Ribe formation\",\"isPartOf\":{\"@id\":\"https:\/\/ribeformation.com\/#website\"},\"primaryImageOfPage\":{\"@id\":\"https:\/\/ribeformation.com\/#primaryimage\"},\"datePublished\":\"2021-02-09T14:56:45+00:00\",\"dateModified\":\"2025-09-16T12:47:56+00:00\",\"breadcrumb\":{\"@id\":\"https:\/\/ribeformation.com\/#breadcrumb\"},\"inLanguage\":\"fr-FR\",\"potentialAction\":[{\"@type\":\"ReadAction\",\"target\":[\"https:\/\/ribeformation.com\/\"]}]},{\"@type\":\"BreadcrumbList\",\"@id\":\"https:\/\/ribeformation.com\/#breadcrumb\",\"itemListElement\":[{\"@type\":\"ListItem\",\"position\":1,\"item\":{\"@type\":\"WebPage\",\"@id\":\"https:\/\/ribeformation.com\/\",\"url\":\"https:\/\/ribeformation.com\/\",\"name\":\"Accueil\"}},{\"@type\":\"ListItem\",\"position\":2,\"item\":{\"@type\":\"WebPage\",\"@id\":\"https:\/\/ribeformation.com\/\",\"url\":\"https:\/\/ribeformation.com\/\",\"name\":\"Accueil\"}}]}]}<\/script>\n<!-- \/ Yoast SEO plugin. -->","_links":{"self":[{"href":"https:\/\/ribeformation.com\/index.php\/wp-json\/wp\/v2\/pages\/46"}],"collection":[{"href":"https:\/\/ribeformation.com\/index.php\/wp-json\/wp\/v2\/pages"}],"about":[{"href":"https:\/\/ribeformation.com\/index.php\/wp-json\/wp\/v2\/types\/page"}],"author":[{"embeddable":true,"href":"https:\/\/ribeformation.com\/index.php\/wp-json\/wp\/v2\/users\/1"}],"replies":[{"embeddable":true,"href":"https:\/\/ribeformation.com\/index.php\/wp-json\/wp\/v2\/comments?post=46"}],"version-history":[{"count":352,"href":"https:\/\/ribeformation.com\/index.php\/wp-json\/wp\/v2\/pages\/46\/revisions"}],"predecessor-version":[{"id":1813,"href":"https:\/\/ribeformation.com\/index.php\/wp-json\/wp\/v2\/pages\/46\/revisions\/1813"}],"wp:featuredmedia":[{"embeddable":true,"href":"https:\/\/ribeformation.com\/index.php\/wp-json\/wp\/v2\/media\/1610"}],"wp:attachment":[{"href":"https:\/\/ribeformation.com\/index.php\/wp-json\/wp\/v2\/media?parent=46"}],"curies":[{"name":"wp","href":"https:\/\/api.w.org\/{rel}","templated":true}]}}